= 17*m. Suppose 0 = -3*a + 112 + m. What is the remainder when 194 is divided by a?
38
Suppose -2*a - 47 = -271. Suppose -3*l = -3*y + 102, 3*l = y - 2*l - 18. What is the remainder when a is divided by y?
36
Suppose -4*y = 3*a - 417, -515 = -0*y - 5*y - 5*a. What is the remainder when 61 is divided by (4*(-9)/y)/((-2)/54)?
7
Suppose 109*p + 60 = 5*m + 104*p, -2 = -2*p. Calculate the remainder when -61*(-1 - (-1 - -1)) is divided by m.
9
What is the remainder when 30 is divided by 12/(-20) + (-226)/(-10)?
8
Let q(s) be the first derivative of 2*s**3/3 - 31*s**2/2 + 60*s + 27. What is the remainder when q(19) is divided by 49?
46
Suppose -5*r = -3*z - 3585, 3*z = 4*r - 8*r + 2868. What is the remainder when r is divided by 80?
77
What is the remainder when 117 is divided by (-594)/(-14) + (-75)/175?
33
Suppose -10*w + 7*w + 4*c + 41 = 0, -4*w + 43 = -3*c. Calculate the remainder when 12 is divided by w.
5
Let z be (-32)/(-10) + (-16)/(-20). Suppose 3*x - 138 = -2*a, 4*a = -z*x + 398 - 114. What is the remainder when a is divided by 26?
23
Suppose 0 = 4*k - 20, 2*k - 133 = 5*f - 53. Let i = f + 59. What is the remainder when i is divided by 12?
9
Let u = 6 + 11. Suppose 0 = 22*d - u*d - 360. What is the remainder when d is divided by 20?
12
Let r(u) = 0*u**2 + 3*u**2 + 7*u - 3*u. Suppose 4*f - 210 = -f. What is the remainder when f is divided by r(-3)?
12
Suppose -2*o + 5*x = x - 670, -2*x = -4*o + 1310. What is the remainder when o is divided by 41?
38
Let a be (-1)/2 + (-334)/4. Suppose -2*v + 5*v = -2*w - 371, 0 = 4*v - 3*w + 506. Let p = a - v. Calculate the remainder when p is divided by 11.
8
Suppose 4*d = 3*c + 233, -d + 12*c - 7*c = -37. Calculate the remainder when d is divided by 12.
2
Suppose 0 = 9*f - 7*f - 38. Suppose f = 2*j + 3. What is the remainder when 10 is divided by j?
2
Let l(n) = -n**3 + 15*n**2 - 16*n + 38. What is the remainder when 1/((1/59)/1) is divided by l(14)?
9
Let t = 28 + -28. Suppose -2*n + 2 + 2 = t. Suppose -x - 1 = 0, 0 = 3*h - n*x + 5*x - 279. Calculate the remainder when h is divided by 24.
22
Let q = 14 - 7. Let i(p) = -9*p - 43. What is the remainder when i(-13) is divided by 10/35 - (-131)/q?
17
Let r = 19 + 32. Let a = -29 + r. What is the remainder when (-2 + (-83 - 0))*-1 is divided by a?
19
Suppose 0 = 37*g - 31*g - 318. What is the remainder when g is divided by 8?
5
Let k(s) = -22*s - 12. Suppose -2*l - 5 - 3 = 0. What is the remainder when k(l) is divided by 26?
24
Let o be ((-24)/(-15))/4*10. Suppose -81 - 27 = -o*f. What is the remainder when 78 is divided by f?
24
Let g = -16 + 29. Let j(y) = -1. Let s(i) = 6*i + 16. Let p(u) = -5*j(u) - s(u). What is the remainder when g is divided by p(-3)?
6
Suppose 4*h + 3*s = 85, 0*s + 4*s - 12 = 0. Suppose 0 = h*i - 15*i - 96. What is the remainder when i is divided by 14?
10
Let v = -160 - -58. Let k = v - -206. What is the remainder when k is divided by 27?
23
Let f = 765 + -728. Calculate the remainder when 116 is divided by f.
5
Suppose -15*z = -2027 - 523. What is the remainder when z is divided by 29?
25
Suppose 3*f - 58 - 71 = 0. What is the remainder when f is divided by (-18)/54 - (-134)/6?
21
Suppose -183*d + 20 = -178*d. Calculate the remainder when 43 is divided by d.
3
Suppose -4*r = -5*r + 5. Suppose h - r*v + 142 = 5*h, 0 = h - v - 31. Calculate the remainder when h is divided by 17.
16
Let n(p) = -p**3 + 11*p**2 + 6*p + 27. Calculate the remainder when n(11) is divided by 12.
9
Let p be (-2)/(-12) + 26/36*-3. Calculate the remainder when 53 is divided by 25 + 2/p - (-6 + 3).
26
Suppose -8 = -4*m - 2*u, -2 = -m - 2*u - 3. What is the remainder when -4*(-2 - 27/(-12))*-17 is divided by m?
2
Let f = 53 + -6. Suppose 5*c - 280 = -4*r + 62, -291 = -3*r + 2*c. What is the remainder when r is divided by f?
46
Suppose -61*r + 47*r + 224 = 0. Calculate the remainder when 317 is divided by r.
13
Let c(v) = v**2 - 4*v - 66. Suppose p + 36 = -2*n + 3*n, 0 = p + 4. What is the remainder when n is divided by c(11)?
10
Let o be 1228/10 - (-2 + 36/20). Let g = o - 83. What is the remainder when g is divided by 14?
12
Suppose 0 = -3*r - 34 - 95. Let x = -39 - r. Calculate the remainder when 13 is divided by x.
1
Let t(n) be the second derivative of n**4/12 - n**3/3 - 8*n**2 + 47*n. Calculate the remainder when (-26)/1*1/(-2) is divided by t(6).
5
Suppose t - 8 - 6 = n, 0 = 5*n + t + 76. Suppose -5*l = q + 65 - 70, 3*l + 4*q = -14. Calculate the remainder when (-18)/n*(-10)/(-3) is divided by l.
0
Let y(l) = -2*l + 26. Let i be y(8). Suppose 5*u - 3*u - i = 0. Calculate the remainder when 14 is divided by u.
4
Suppose -5*w = 2*w + 21. Calculate the remainder when w/((-12)/(-8)) - -12 is divided by 6.
4
Suppose 0 = -8*j + 66 - 26. Calculate the remainder when 137 is divided by j.
2
Let t(r) = -r**2 + 9*r + 3. Let y be t(9). Let l be 165 + (-6)/y - -2. Suppose -3*z = -0*z - l. What is the remainder when z is divided by 19?
17
Let m = -375 + 499. What is the remainder when m is divided by 14?
12
Suppose 920 = -232*w + 236*w. Calculate the remainder when w is divided by 36.
14
Let o = 23 - 14. Let w be (-14)/((-1*(-2)/(-4))/1). Let u = w + -3. What is the remainder when u is divided by o?
7
Let g(t) = -161*t - 47. Calculate the remainder when 795 is divided by g(-1).
111
Suppose 0 = 4*r - 34 - 78. Let x = -13 + -3. What is the remainder when x/(-40) - 546/(-10) is divided by r?
27
Suppose -350 = 13*n - 18*n. Let z = -7 + 19. What is the remainder when n is divided by z?
10
Let b be 9 + (-4 - -7) + 0. Calculate the remainder when (-660)/(-9) + (32/b)/4 is divided by 13.
9
Calculate the remainder when (-1)/((-709)/(-142) - 6 - -1) is divided by 30.
22
Suppose 0*c = -4*c - 180. Suppose 27*g = -279 - 261. Let l = g - c. What is the remainder when l is divided by 9?
7
Let g(n) = -n**2 + 26*n - 65. Calculate the remainder when 64 is divided by g(20).
9
Calculate the remainder when 123 is divided by (-2)/11 - (70/(-22) - 2).
3
Let w be 3 + 27 - (2 + -6). Let f = w + -9. What is the remainder when 122 is divided by f?
22
Let x be 1*4/(-8)*-4. Suppose -62 = -x*i + 2*l, 0*i - 3*l = 4*i - 96. What is the remainder when 105 is divided by i?
24
Suppose -l - 2*r = 2*r + 11, -3*l = -5*r - 18. Suppose g - 45 = 2*p, 5*p - p + 4 = 0. What is the remainder when g is divided by (-11)/3*-3*l?
10
Let j(d) = -d - 1. Let a(y) = 9*y + 13. Let b(f) = -a(f) - 6*j(f). Calculate the remainder when b(-10) is divided by (-9)/6*16/(-2).
11
Suppose 3*w = 4*w - 2*h - 395, 5*w = -h + 1975. Suppose -3*p - 26 = -w. What is the remainder when p is divided by 18?
15
Let m(n) = n**3 - 4*n**2 + 13*n - 20. What is the remainder when 96 is divided by m(3)?
6
Let b = 1624 - 1445. What is the remainder when b is divided by 40?
19
Suppose v - 5*b + 49 = 5*v, -2*b = -4*v + 14. Calculate the remainder when 15 is divided by v.
3
Suppose 3*n + 2*n + 5*s = 110, 0 = 3*n - 2*s - 81. Suppose -n = 5*u - 90. Calculate the remainder when u is divided by 2.
1
Let c = -232 - -251. What is the remainder when 157 is divided by c?
5
Suppose f - 66 = -3*r, f + 50 = 2*f - 5*r. Suppose -d = d - f. What is the remainder when 148 is divided by d?
28
Let c(l) = 3*l**2 + 4*l - 10. Suppose 0 = -2*w + 5*w + 3*i + 18, 0 = 3*i. What is the remainder when c(w) is divided by 15?
14
Let o = 150 + -37. Calculate the remainder when o is divided by 48.
17
Suppose 7*y - 8*y + 3*b = -48, 4*b + 139 = 3*y. Calculate the remainder when y is divided by (0 - -27) + (-11 - -8).
21
Let x = 80 + -74. Let i(q) = 2*q**3 - 9*q**2 + 17*q - 18. Calculate the remainder when i(x) is divided by 39.
36
Let u = -256 - -277. Calculate the remainder when 36 is divided by u.
15
Let q = -7 - 25. Let c = 41 + q. Suppose -73 = -3*f - 5*x, -4*f + 5*x - 71 + 215 = 0. What is the remainder when f is divided by c?
4
Let u = -66 + 57. What is the remainder when (-2)/u + (-1068)/(-54) - 2 is divided by 4?
2
Suppose -d + 7*y + 119 = 6*y, -4*d = 3*y - 469. What is the remainder when d is divided by 30?
28
Let n(o) = 2*o**3 + 5*o**2 - o - 8. What is the remainder when 32 is divided by n(2)?
6
Suppose 70*h = 64*h + 90. Calculate the remainder when h is divided by 8.
7
Calculate the remainder when (-256 - -261) + 0 + 0 + 169 is divided by 18.
12
Let a = -3 - 0. Let b(p